
2, 3, 349, 33769
What are the prime factors of 942154046?
2, 31, 107, 142019
What are the prime factors of 6139564312?
2, 7, 109635077
What are the prime factors of 3957583521?
3, 233, 5661779
List the prime factors of 55336515.
3, 5, 13, 83, 263
What are the prime factors of 357821671?
1223, 292577
What are the prime factors of 2613688228?
2, 61, 211, 50767
List the prime factors of 64832824.
2, 7, 1157729
List the prime factors of 660440285.
5, 19, 23, 302261
List the prime factors of 121778194.
2, 1723, 35339
List the prime factors of 12703100.
2, 5, 127031
What are the prime factors of 5862011757?
3, 7, 17, 2345743
List the prime factors of 137965270.
2, 5, 19, 23, 131, 241
List the prime factors of 58763800.
2, 5, 43, 6833
What are the prime factors of 73836977?
43, 1717139
What are the prime factors of 4278777841?
13, 329136757
List the prime factors of 2297984583.
3, 19, 47, 491, 1747
List the prime factors of 1280191926.
2, 3, 13, 16412717
What are the prime factors of 10571271?
3, 1553, 2269
List the prime factors of 8159544793.
113, 72208361
List the prime factors of 187031741.
13, 1109, 12973
List the prime factors of 294500444.
2, 7, 10517873
What are the prime factors of 42563440?
2, 5, 443, 1201
What are the prime factors of 63300426?
2, 3, 7, 1507153
List the prime factors of 1626509615.
5, 43, 7565161
List the prime factors of 26700086.
2, 7, 373, 5113
What are the prime factors of 1053657141?
3, 19, 107, 172759
List the prime factors of 747600629.
747600629
List the prime factors of 2557053485.
5, 7, 179, 199, 293
What are the prime factors of 139547960?
2, 5, 353, 9883
What are the prime factors of 158726780?
2, 5, 2467, 3217
List the prime factors of 3183879470.
2, 5, 479, 664693
List the prime factors of 484155602.
2, 7, 34582543
List the prime factors of 644853377.
7, 491, 547
List the prime factors of 36007123.
47, 766109
List the prime factors of 56260239.
3, 7, 37, 61, 1187
List the prime factors of 1096925911.
211, 1367, 3803
What are the prime factors of 13946736?
2, 3, 290557
List the prime factors of 1019848357.
11, 92713487
List the prime factors of 52964357.
2423, 21859
List the prime factors of 62397688.
2, 37, 210803
What are the prime factors of 51417098?
2, 23, 1117763
List the prime factors of 181761282.
2, 3, 41, 246289
What are the prime factors of 164793?
3, 163, 337
What are the prime factors of 788516172?
2, 3, 157, 139511
List the prime factors of 124253537.
563, 220699
List the prime factors of 188087142.
2, 3, 53, 591469
List the prime factors of 82910734.
2, 17, 311, 7841
What are the prime factors of 28848427?
131, 220217
What are the prime factors of 130004514?
2, 3, 31, 8629
What are the prime factors of 1442013151?
17, 19, 373, 11969
List the prime factors of 2837759.
17, 79, 2113
What are the prime factors of 371338279?
13, 2357, 12119
List the prime factors of 943923675.
3, 5, 12585649
What are the prime factors of 187741613?
911, 206083
List the prime factors of 57778264.
2, 191, 37813
List the prime factors of 50976488.
2, 79, 1021
What are the prime factors of 275262901?
263, 1046627
What are the prime factors of 57660621?
3, 673, 28559
What are the prime factors of 58528627?
613, 95479
List the prime factors of 86918070.
2, 3, 5, 2897269
List the prime factors of 358647434.
2, 43, 229, 18211
What are the prime factors of 73904140?
2, 5, 41, 90127
List the prime factors of 1058554488.
2, 3, 991, 44507
List the prime factors of 1698362805.
3, 5, 113224187
What are the prime factors of 121461157?
79, 107, 14369
What are the prime factors of 161851564?
2, 7, 1201, 4813
What are the prime factors of 1866239419?
11, 1399, 121271
What are the prime factors of 337822337?
19, 17780123
What are the prime factors of 637640669?
947, 673327
List the prime factors of 782935409.
137, 5714857
List the prime factors of 1146840055.
5, 229368011
What are the prime factors of 77015013?
3, 25671671
List the prime factors of 231159457.
71, 3255767
What are the prime factors of 54372152?
2, 73, 93103
What are the prime factors of 1109538049?
1109538049
List the prime factors of 57001295.
5, 13, 421, 2083
What are the prime factors of 412028591?
13, 101, 239
List the prime factors of 173983284.
2, 3, 31, 47, 107
List the prime factors of 96751097.
17, 19, 299539
What are the prime factors of 181007921?
8231, 21991
What are the prime factors of 342377613?
3, 37, 347, 2963
List the prime factors of 2728353487.
41, 223, 298409
What are the prime factors of 662022986?
2, 349, 948457
List the prime factors of 3356705427.
3, 29, 67, 575863
What are the prime factors of 847021626?
2, 3, 11, 4277887
What are the prime factors of 129422028?
2, 3, 311, 34679
List the prime factors of 2415586089.
3, 7, 653, 176153
What are the prime factors of 32682016?
2, 97, 10529
List the prime factors of 3903246077.
167, 4463, 5237
What are the prime factors of 232287610?
2, 5, 137, 169553
List the prime factors of 587418777.
3, 11, 929, 2129
What are the prime factors of 3449894570?
2, 5, 41, 761, 11057
List the prime factors of 305539953.
3, 101846651
List the prime factors of 878046870.
2, 3, 5, 709, 41281
List the prime factors of 460231287.
3, 153410429
List the prime factors of 199638414.
2, 3, 733, 15131
List the prime factors of 184978136.
2, 7, 149, 3167
List the prime factors of 1994716992.
2, 3, 10389151
List the prime factors of 44758280.
2, 5, 7, 17, 9403
What are the prime factors of 64697437?
7, 257, 35963
What are the prime factors of 485280654?
2, 3, 3461, 23369
List the prime factors of 4604764895.
5, 139, 1427, 4643
What are the prime factors of 95135398?
2, 3539, 13441
What are the prime factors of 60629888?
2, 11, 17, 149
List the prime factors of 339823504.
2, 21238969
List the prime factors of 245891.
29, 61, 139
What are the prime factors of 34771909?
34771909
What are the prime factors of 826178529?
3, 11, 17, 1472689
List the prime factors of 48304131.
3, 61, 263957
What are the prime factors of 159541271?
19, 23, 67, 5449
What are the prime factors of 91176782?
2, 19, 2399389
List the prime factors of 459985232.
2, 7, 41, 109, 919
List the prime factors of 940747165.
5, 163, 1154291
What are the prime factors of 189072837?
3, 29, 269, 2693
List the prime factors of 2123983913.
19, 7477, 14951
List the prime factors of 2464050086.
2, 1232025043
List the prime factors of 51986736.
2, 3, 19, 19001
List the prime factors of 431655682.
2, 59, 149, 24551
What are the prime factors of 993710732?
2, 7, 35489669
What are the prime factors of 112201364?
2, 11, 231821
List the prime factors of 2177410624.
2, 107, 317963
List the prime factors of 569242458.
2, 3, 313, 33679
What are the prime factors of 870077183?
6043, 143981
What are the prime factors of 7494326?
2, 7, 73, 7333
List the prime factors of 140303937.
3, 3847, 12157
What are the prime factors of 2702030?
2, 5, 47, 5749
What are the prime factors of 549371919?
3, 107, 673, 2543
List the prime factors of 4396506960.
2, 3, 5, 18318779
List the prime factors of 29566687.
29566687
List the prime factors of 700239791.
557, 1257163
List the prime factors of 234751903.
234751903
List the prime factors of 155356222.
2, 7, 401, 27673
List the prime factors of 84444448.
2, 11, 113, 193
List the prime factors of 374740783.
374740783
List the prime factors of 17451829.
83, 210263
What are the prime factors of 59439569?
7, 631, 13457
List the prime factors of 524456667.
3, 7, 31, 89513
List the prime factors of 399577766.
2, 7, 3011, 9479
List the prime factors of 114374393.
7, 103, 158633
What are the prime factors of 885329503?
139, 191, 33347
What are the prime factors of 616997777?
11, 1097, 51131
List the prime factors of 622702962.
2, 3, 7, 17, 290711
What are the prime factors of 101661419?
19, 5350601
List the prime factors of 228067147.
7, 11, 419, 7069
List the prime factors of 92862172.
2, 13, 1785811
What are the prime factors of 555121221?
3, 3187, 58061
What are the prime factors of 1823448862?
2, 911724431
What are the prime factors of 38316060?
2, 3, 5, 212867
List the prime factors of 751461238.
2, 11, 4561, 7489
What are the prime factors of 111037671?
3, 197, 62627
What are the prime factors of 738226483?
738226483
List the prime factors of 232869